{"id":74,"date":"2020-10-13T13:10:53","date_gmt":"2020-10-13T11:10:53","guid":{"rendered":"http:\/\/85.159.110.180\/Test\/Ekosys\/?page_id=74"},"modified":"2020-10-13T13:13:52","modified_gmt":"2020-10-13T11:13:52","slug":"zasobniky-a-sila","status":"publish","type":"page","link":"http:\/\/85.159.110.180\/Test\/Ekosys\/zasobniky-a-sila\/","title":{"rendered":"Z\u00e1sobn\u00edky A Sil\u00e1"},"content":{"rendered":"\n<p>Na\u0161a firma je zameran\u00e1 na v\u00fdrobu strojov a zariaden\u00ed pre stavebn\u00edctvo a ekol\u00f3giu.<\/p>\n\n\n\n<p>Zabezpe\u010dujeme v\u00fdrobu z\u00e1sobn\u00edkov na cement, sypk\u00e9 hmoty a kamenivo. Tieto z\u00e1sobn\u00edky vyr\u00e1bame tak v \u0161tandardnom preveden\u00ed ako aj v atypickom pod\u013ea po\u017eiadaviek a dokument\u00e1cie z\u00e1kazn\u00edka.<\/p>\n\n\n\n<div class=\"wp-block-image\"><figure class=\"alignleft size-large is-resized\"><img loading=\"lazy\" src=\"http:\/\/85.159.110.180\/Test\/Ekosys\/wp-content\/uploads\/2020\/10\/Fotografia0065-768x1024.jpg\" alt=\"\" class=\"wp-image-75\" width=\"308\" height=\"410\" srcset=\"http:\/\/85.159.110.180\/Test\/Ekosys\/wp-content\/uploads\/2020\/10\/Fotografia0065-768x1024.jpg 768w, http:\/\/85.159.110.180\/Test\/Ekosys\/wp-content\/uploads\/2020\/10\/Fotografia0065-600x800.jpg 600w, http:\/\/85.159.110.180\/Test\/Ekosys\/wp-content\/uploads\/2020\/10\/Fotografia0065-225x300.jpg 225w, http:\/\/85.159.110.180\/Test\/Ekosys\/wp-content\/uploads\/2020\/10\/Fotografia0065-1152x1536.jpg 1152w, http:\/\/85.159.110.180\/Test\/Ekosys\/wp-content\/uploads\/2020\/10\/Fotografia0065.jpg 1536w\" sizes=\"(max-width: 308px) 100vw, 308px\" \/><\/figure><\/div>\n\n\n\n<p>Z\u00e1sobn\u00edky s\u00fa vybaven\u00e9 filtrami, ktor\u00e9 zabra\u0148uj\u00fa zne\u010dis\u0165ovaniu ovzdu\u0161ia, pretlakovou klapkou a vzduchov\u00fdm \u010deren\u00edm.<\/p>\n\n\n\n<p>Pod\u013ea po\u017eiadaviek z\u00e1kazn\u00edka je ich mo\u017ene vybavi\u0165 kontinu\u00e1lnym mera\u010dom v\u00fd\u0161ky hladiny. Realiz\u00e1ciu atypick\u00fdch z\u00e1sobn\u00edkov sme schopn\u00ed zabezpe\u010di\u0165 kon\u0161truk\u010dne a v\u00fdrobne v plnom rozsahu.<\/p>\n\n\n\n<p>Na\u0161a firma je \u010falej zameran\u00e1 na v\u00fdrobu kontajnerov r\u00f4zneho typu a ve\u013ekosti, v\u00fdrobu a mont\u00e1\u017e oce\u013eov\u00fdch kon\u0161trukcii.<\/p>\n\n\n\n<p>V\u00fdrobn\u00fd program firmy zahr\u0148uje aj poloauto- matick\u00e9 mie\u0161a\u010dky na bet\u00f3n, MNB 500 a MNB 250, beton\u00e1rky s mie\u0161a\u010dkou MND 500, \u017eeriavy OVJ 75.1, ohyba\u010dky stavebnej ocele TVARS 40.1, \u010derpadl\u00e1 na maltu MP 5\/9 a formovaciu techniku pre prefabrik\u00e1ty.<\/p>\n\n\n\n<p>V pr\u00edpade Va\u0161ej potreby je na\u0161a firma schopn\u00e1 na z\u00e1klade Va\u0161ich po\u017eiadaviek vyrobi\u0165 aj atypick\u00e9 z\u00e1kazky pod\u013ea priania z\u00e1kazn\u00edka.<\/p>\n","protected":false},"excerpt":{"rendered":"<p>Na\u0161a firma je zameran\u00e1 na v\u00fdrobu strojov a zariaden\u00ed pre stavebn\u00edctvo a ekol\u00f3giu. Zabezpe\u010dujeme v\u00fdrobu z\u00e1sobn\u00edkov na cement, sypk\u00e9 hmoty a kamenivo. Tieto z\u00e1sobn\u00edky vyr\u00e1bame tak v \u0161tandardnom preveden\u00ed ako aj v atypickom pod\u013ea po\u017eiadaviek a dokument\u00e1cie z\u00e1kazn\u00edka. Z\u00e1sobn\u00edky s\u00fa vybaven\u00e9 filtrami, ktor\u00e9 zabra\u0148uj\u00fa zne\u010dis\u0165ovaniu ovzdu\u0161ia, pretlakovou klapkou a vzduchov\u00fdm \u010deren\u00edm. Pod\u013ea po\u017eiadaviek z\u00e1kazn\u00edka je [&hellip;]<\/p>\n","protected":false},"author":1,"featured_media":0,"parent":0,"menu_order":0,"comment_status":"closed","ping_status":"closed","template":"","meta":[],"_links":{"self":[{"href":"http:\/\/85.159.110.180\/Test\/Ekosys\/wp-json\/wp\/v2\/pages\/74"}],"collection":[{"href":"http:\/\/85.159.110.180\/Test\/Ekosys\/wp-json\/wp\/v2\/pages"}],"about":[{"href":"http:\/\/85.159.110.180\/Test\/Ekosys\/wp-json\/wp\/v2\/types\/page"}],"author":[{"embeddable":true,"href":"http:\/\/85.159.110.180\/Test\/Ekosys\/wp-json\/wp\/v2\/users\/1"}],"replies":[{"embeddable":true,"href":"http:\/\/85.159.110.180\/Test\/Ekosys\/wp-json\/wp\/v2\/comments?post=74"}],"version-history":[{"count":4,"href":"http:\/\/85.159.110.180\/Test\/Ekosys\/wp-json\/wp\/v2\/pages\/74\/revisions"}],"predecessor-version":[{"id":84,"href":"http:\/\/85.159.110.180\/Test\/Ekosys\/wp-json\/wp\/v2\/pages\/74\/revisions\/84"}],"wp:attachment":[{"href":"http:\/\/85.159.110.180\/Test\/Ekosys\/wp-json\/wp\/v2\/media?parent=74"}],"curies":[{"name":"wp","href":"https:\/\/api.w.org\/{rel}","templated":true}]}}